{"id":11847,"date":"2024-02-07T00:58:13","date_gmt":"2024-02-07T00:58:13","guid":{"rendered":"https:\/\/ledsiena.lt\/?post_type=product&#038;p=11847"},"modified":"2024-07-15T16:13:25","modified_gmt":"2024-07-15T16:13:25","slug":"uhm-series-uhm75uh83-4","status":"publish","type":"product","link":"https:\/\/ledsiena.lt\/index.php\/product\/uhm-series-uhm75uh83-4\/","title":{"rendered":"UHM Serija UHM75UH83\/4"},"content":{"rendered":"","protected":false},"excerpt":{"rendered":"<ul class=\"mb-4 list-disc text-base text-gray-600\">\n<li>Rezoliucija: 3840&#215;2160 (UHD) Ry\u0161kumas: 400 cd\/m\u00b2 Darbo laikas: 24\/7 R\u0117melio plotis: 16-39 mm (vir\u0161uje\/de\u0161in\u0117je\/kair\u0117je), 21-39 mm (apa\u010dioje) S\u0105sajos: HDMI 2.0 \/ VGA \/ USB \/ RS232 \/ RJ45 \/ RJ12 \/ IR \/ Ausini\u0173 lizdas \/ Garso \/ Garsiakalbis Pritaikymo sritys: Ma\u017emenin\u0117 prekyba, Greito aptarnavimo restoranai<\/li>\n<\/ul>\n","protected":false},"featured_media":11849,"template":"","meta":[],"product_cat":[36],"product_tag":[],"_links":{"self":[{"href":"https:\/\/ledsiena.lt\/index.php\/wp-json\/wp\/v2\/product\/11847"}],"collection":[{"href":"https:\/\/ledsiena.lt\/index.php\/wp-json\/wp\/v2\/product"}],"about":[{"href":"https:\/\/ledsiena.lt\/index.php\/wp-json\/wp\/v2\/types\/product"}],"wp:featuredmedia":[{"embeddable":true,"href":"https:\/\/ledsiena.lt\/index.php\/wp-json\/wp\/v2\/media\/11849"}],"wp:attachment":[{"href":"https:\/\/ledsiena.lt\/index.php\/wp-json\/wp\/v2\/media?parent=11847"}],"wp:term":[{"taxonomy":"product_cat","embeddable":true,"href":"https:\/\/ledsiena.lt\/index.php\/wp-json\/wp\/v2\/product_cat?post=11847"},{"taxonomy":"product_tag","embeddable":true,"href":"https:\/\/ledsiena.lt\/index.php\/wp-json\/wp\/v2\/product_tag?post=11847"}],"curies":[{"name":"wp","href":"https:\/\/api.w.org\/{rel}","templated":true}]}}