{"id":11839,"date":"2024-02-07T00:56:18","date_gmt":"2024-02-07T00:56:18","guid":{"rendered":"https:\/\/ledsiena.lt\/?post_type=product&#038;p=11839"},"modified":"2024-07-15T12:10:36","modified_gmt":"2024-07-15T12:10:36","slug":"pdu-series-pdu75uf83-4a","status":"publish","type":"product","link":"https:\/\/ledsiena.lt\/index.php\/product\/pdu-series-pdu75uf83-4a\/","title":{"rendered":"PDU Serija PDU75UF83\/4A"},"content":{"rendered":"","protected":false},"excerpt":{"rendered":"<ul>\n<li>Rezoliucija: 3840&#215;2160 (UHD)<\/li>\n<li>Ry\u0161kumas: 500 cd\/m\u00b2<\/li>\n<li>Darbo laikas: 24\/7<\/li>\n<li>R\u0117melio plotis: 16-39 mm (vir\u0161uje\/de\u0161in\u0117je\/kair\u0117je), 21-39 mm (apa\u010dioje)<\/li>\n<li>S\u0105sajos: HDMI 2.0 \/ VGA \/ USB \/ RS232 \/ RJ45 \/ RJ12 \/ IR \/ Ausini\u0173 lizdas \/ Garso \/ Garsiakalbis<\/li>\n<li>Pritaikymo sritys: Valdymo kambarys, Ma\u017emenin\u0117 prekyba, Greito aptarnavimo restoranai, Vie\u0161os vietos<\/li>\n<\/ul>\n","protected":false},"featured_media":11841,"template":"","meta":[],"product_cat":[36],"product_tag":[],"_links":{"self":[{"href":"https:\/\/ledsiena.lt\/index.php\/wp-json\/wp\/v2\/product\/11839"}],"collection":[{"href":"https:\/\/ledsiena.lt\/index.php\/wp-json\/wp\/v2\/product"}],"about":[{"href":"https:\/\/ledsiena.lt\/index.php\/wp-json\/wp\/v2\/types\/product"}],"wp:featuredmedia":[{"embeddable":true,"href":"https:\/\/ledsiena.lt\/index.php\/wp-json\/wp\/v2\/media\/11841"}],"wp:attachment":[{"href":"https:\/\/ledsiena.lt\/index.php\/wp-json\/wp\/v2\/media?parent=11839"}],"wp:term":[{"taxonomy":"product_cat","embeddable":true,"href":"https:\/\/ledsiena.lt\/index.php\/wp-json\/wp\/v2\/product_cat?post=11839"},{"taxonomy":"product_tag","embeddable":true,"href":"https:\/\/ledsiena.lt\/index.php\/wp-json\/wp\/v2\/product_tag?post=11839"}],"curies":[{"name":"wp","href":"https:\/\/api.w.org\/{rel}","templated":true}]}}