{"id":11784,"date":"2024-02-07T00:43:41","date_gmt":"2024-02-07T00:43:41","guid":{"rendered":"https:\/\/ledsiena.lt\/?post_type=product&#038;p=11784"},"modified":"2024-07-03T22:38:15","modified_gmt":"2024-07-03T22:38:15","slug":"pf-series-pf43d-2h","status":"publish","type":"product","link":"https:\/\/ledsiena.lt\/index.php\/product\/pf-series-pf43d-2h\/","title":{"rendered":"PF+ Serija PF43D-2H"},"content":{"rendered":"","protected":false},"excerpt":{"rendered":"<p>VAP400 (Vestel Android Platforma 400)<br \/>\n2 GB DDR4 \/ 16 GB eMMC<br \/>\nRezoliucija: 3840&#215;2160 (UHD)<br \/>\nRy\u0161kumas: 500 cd\/m\u00b2<br \/>\nVeikimas: 16\/7<br \/>\nIntegruotos IR\/IR prailginimo parinktys<br \/>\n30\u00b0 pakreipimo montavimas<br \/>\nTaikymo sritys: Ma\u017emenin\u0117 prekyba, Greito maisto restoranai (QSR), Verslo \u012fmon\u0117s, Valdymo kambariai, Transportas<\/p>\n","protected":false},"featured_media":11794,"template":"","meta":[],"product_cat":[36],"product_tag":[],"_links":{"self":[{"href":"https:\/\/ledsiena.lt\/index.php\/wp-json\/wp\/v2\/product\/11784"}],"collection":[{"href":"https:\/\/ledsiena.lt\/index.php\/wp-json\/wp\/v2\/product"}],"about":[{"href":"https:\/\/ledsiena.lt\/index.php\/wp-json\/wp\/v2\/types\/product"}],"wp:featuredmedia":[{"embeddable":true,"href":"https:\/\/ledsiena.lt\/index.php\/wp-json\/wp\/v2\/media\/11794"}],"wp:attachment":[{"href":"https:\/\/ledsiena.lt\/index.php\/wp-json\/wp\/v2\/media?parent=11784"}],"wp:term":[{"taxonomy":"product_cat","embeddable":true,"href":"https:\/\/ledsiena.lt\/index.php\/wp-json\/wp\/v2\/product_cat?post=11784"},{"taxonomy":"product_tag","embeddable":true,"href":"https:\/\/ledsiena.lt\/index.php\/wp-json\/wp\/v2\/product_tag?post=11784"}],"curies":[{"name":"wp","href":"https:\/\/api.w.org\/{rel}","templated":true}]}}