{"id":11442,"date":"2024-02-04T16:42:02","date_gmt":"2024-02-04T16:42:02","guid":{"rendered":"https:\/\/ledsiena.lt\/?page_id=11442"},"modified":"2024-07-04T00:47:29","modified_gmt":"2024-07-04T00:47:29","slug":"vestel-to-launch-extra-bright-pdx-digital-signage-for-mainstream-market","status":"publish","type":"page","link":"https:\/\/ledsiena.lt\/index.php\/vestel-to-launch-extra-bright-pdx-digital-signage-for-mainstream-market\/","title":{"rendered":"Vestel to launch Extra Bright PDX Digital Signage for Mainstream Market"},"content":{"rendered":"\t\t<div data-elementor-type=\"wp-page\" data-elementor-id=\"11442\" class=\"elementor elementor-11442\">\n\t\t\t\t\t\t<section class=\"elementor-section elementor-top-section elementor-element elementor-element-93786a9 elementor-section-full_width elementor-section-height-default elementor-section-height-default\" data-id=\"93786a9\" data-element_type=\"section\" data-settings=\"{&quot;background_background&quot;:&quot;classic&quot;}\">\n\t\t\t\t\t\t<div class=\"elementor-container elementor-column-gap-default\">\n\t\t\t\t\t<div class=\"elementor-column elementor-col-100 elementor-top-column elementor-element elementor-element-4f75339\" data-id=\"4f75339\" data-element_type=\"column\">\n\t\t\t<div class=\"elementor-widget-wrap elementor-element-populated\">\n\t\t\t\t\t\t<section class=\"elementor-section elementor-inner-section elementor-element elementor-element-f232379 elementor-section-boxed elementor-section-height-default elementor-section-height-default\" data-id=\"f232379\" data-element_type=\"section\" data-settings=\"{&quot;background_background&quot;:&quot;classic&quot;}\">\n\t\t\t\t\t\t<div class=\"elementor-container elementor-column-gap-default\">\n\t\t\t\t\t<div class=\"elementor-column elementor-col-50 elementor-inner-column elementor-element elementor-element-b77ba26\" data-id=\"b77ba26\" data-element_type=\"column\">\n\t\t\t<div class=\"elementor-widget-wrap elementor-element-populated\">\n\t\t\t\t\t\t<div class=\"elementor-element elementor-element-65d8e32 elementor-widget elementor-widget-heading\" data-id=\"65d8e32\" data-element_type=\"widget\" data-widget_type=\"heading.default\">\n\t\t\t\t<div class=\"elementor-widget-container\">\n\t\t\t<style>\/*! elementor - v3.20.0 - 26-03-2024 *\/\n.elementor-heading-title{padding:0;margin:0;line-height:1}.elementor-widget-heading .elementor-heading-title[class*=elementor-size-]>a{color:inherit;font-size:inherit;line-height:inherit}.elementor-widget-heading .elementor-heading-title.elementor-size-small{font-size:15px}.elementor-widget-heading .elementor-heading-title.elementor-size-medium{font-size:19px}.elementor-widget-heading .elementor-heading-title.elementor-size-large{font-size:29px}.elementor-widget-heading .elementor-heading-title.elementor-size-xl{font-size:39px}.elementor-widget-heading .elementor-heading-title.elementor-size-xxl{font-size:59px}<\/style><span class=\"elementor-heading-title elementor-size-default\">\"Vestel\" pristato \"Extra Bright PDX\" skaitmenin\u0119 i\u0161kab\u0105 pagrindinei rinkai<\/span>\t\t<\/div>\n\t\t\t\t<\/div>\n\t\t\t\t\t<\/div>\n\t\t<\/div>\n\t\t\t\t<div class=\"elementor-column elementor-col-50 elementor-inner-column elementor-element elementor-element-48534b7\" data-id=\"48534b7\" data-element_type=\"column\">\n\t\t\t<div class=\"elementor-widget-wrap elementor-element-populated\">\n\t\t\t\t\t\t<div class=\"elementor-element elementor-element-21dff37 elementor-widget elementor-widget-image\" data-id=\"21dff37\" data-element_type=\"widget\" data-widget_type=\"image.default\">\n\t\t\t\t<div class=\"elementor-widget-container\">\n\t\t\t<style>\/*! elementor - v3.20.0 - 26-03-2024 *\/\n.elementor-widget-image{text-align:center}.elementor-widget-image a{display:inline-block}.elementor-widget-image a img[src$=\".svg\"]{width:48px}.elementor-widget-image img{vertical-align:middle;display:inline-block}<\/style>\t\t\t\t\t\t\t\t\t\t<img fetchpriority=\"high\" decoding=\"async\" width=\"380\" height=\"250\" src=\"https:\/\/ledsiena.lt\/wp-content\/uploads\/2024\/02\/press-release-7-893455.png\" class=\"attachment-full size-full wp-image-11414\" alt=\"\" srcset=\"https:\/\/ledsiena.lt\/wp-content\/uploads\/2024\/02\/press-release-7-893455.png 380w, https:\/\/ledsiena.lt\/wp-content\/uploads\/2024\/02\/press-release-7-893455-300x197.png 300w\" sizes=\"(max-width: 380px) 100vw, 380px\" \/>\t\t\t\t\t\t\t\t\t\t\t\t\t<\/div>\n\t\t\t\t<\/div>\n\t\t\t\t\t<\/div>\n\t\t<\/div>\n\t\t\t\t\t<\/div>\n\t\t<\/section>\n\t\t\t\t\t<\/div>\n\t\t<\/div>\n\t\t\t\t\t<\/div>\n\t\t<\/section>\n\t\t\t\t<section class=\"elementor-section elementor-top-section elementor-element elementor-element-9ab0817 elementor-section-boxed elementor-section-height-default elementor-section-height-default\" data-id=\"9ab0817\" data-element_type=\"section\">\n\t\t\t\t\t\t<div class=\"elementor-container elementor-column-gap-default\">\n\t\t\t\t\t<div class=\"elementor-column elementor-col-100 elementor-top-column elementor-element elementor-element-34e9ab9\" data-id=\"34e9ab9\" data-element_type=\"column\">\n\t\t\t<div class=\"elementor-widget-wrap elementor-element-populated\">\n\t\t\t\t\t\t<div class=\"elementor-element elementor-element-ceb449f elementor-widget elementor-widget-text-editor\" data-id=\"ceb449f\" data-element_type=\"widget\" data-widget_type=\"text-editor.default\">\n\t\t\t\t<div class=\"elementor-widget-container\">\n\t\t\t<style>\/*! elementor - v3.20.0 - 26-03-2024 *\/\n.elementor-widget-text-editor.elementor-drop-cap-view-stacked .elementor-drop-cap{background-color:#69727d;color:#fff}.elementor-widget-text-editor.elementor-drop-cap-view-framed .elementor-drop-cap{color:#69727d;border:3px solid;background-color:transparent}.elementor-widget-text-editor:not(.elementor-drop-cap-view-default) .elementor-drop-cap{margin-top:8px}.elementor-widget-text-editor:not(.elementor-drop-cap-view-default) .elementor-drop-cap-letter{width:1em;height:1em}.elementor-widget-text-editor .elementor-drop-cap{float:left;text-align:center;line-height:1;font-size:50px}.elementor-widget-text-editor .elementor-drop-cap-letter{display:inline-block}<\/style>\t\t\t\t<p>&#8222;Vestel&#8221;, \u017ead\u0117dama didesn\u012f matomum\u0105 kiekvienoje patalp\u0173 aplinkoje, ketina \u012fveikti i\u0161\u0161\u016bkius, susijusius su ap\u0161vietimu vietoje, pristatydama &#8222;Extra Bright PDX Digital Signage&#8221;. 55-75 coli\u0173 serija, skirta \u012fvairesn\u0117ms vertikalioms sritims, leid\u017eia \u012fmoni\u0173 savininkams optimizuoti bet kokio ekrane rodomo turinio matomum\u0105: 55 ir 75 coli\u0173 &#8222;Full HD&#8221; ekranai, pasi\u017eymintys \u012fsp\u016bdingu 2 500 nit\u0173 ry\u0161kumu, ir 75 coli\u0173 PDX1000 UHD ekranas, pasi\u017eymintis ak\u012f traukian\u010diu 1 000 nit\u0173 ry\u0161kumu.<\/p><p>\u00a0<\/p><p><strong>Vieta<\/strong><\/p><p>\u00a0<\/p><p>\u00a0<\/p><p>Idealiai tinka beveik kiekvienai aplinkai &#8211; nuo \u0161viesi\u0173, saul\u0117s ap\u0161viest\u0173 foj\u0117 ir biur\u0173 iki vitrin\u0173 ir veidrodini\u0173 aprangos kambari\u0173 &#8211; ekranai gali b\u016bti \u012frengiami horizontaliai arba vertikaliai, atsi\u017evelgiant \u012f erdv\u0119. Jie taip pat u\u017etikrina veikim\u0105 vis\u0105 par\u0105, tod\u0117l idealiai tinka naudoti greito aptarnavimo restoranuose.<\/p><p>\u00a0<\/p><p>\u00a0<\/p><p>55 coli\u0173 ekrano nat\u016bralus kontrasto santykis siekia iki 5000:1, tod\u0117l jie u\u017etikrina ne\u012ftik\u0117tin\u0105 ry\u0161kum\u0105 ir spalv\u0173 gyvum\u0105, tod\u0117l daugiau informacijos galima \u012fsisavinti vienu \u017evilgsniu. Idealiai tinka meniu lentoms ir skryd\u017ei\u0173 ekranams, nes u\u017etikrina ry\u0161k\u0173, trimat\u012f vaizd\u0105 net i\u0161 ma\u017eiausio steb\u0117jimo atstumo.<\/p><p>\u00a0<\/p><p><strong>I\u0161 d\u0117\u017eut\u0117s i\u0161trauktas sprendimas<\/strong><\/p><p>\u00a0<\/p><p>\u00a0<\/p><p>Naudodami &#8222;QuadCore SoC&#8221; technologij\u0105, jie palaiko nesud\u0117ting\u0105 ry\u0161\u012f, tod\u0117l naudotojai gali naudotis turinio valdymo sistemomis tiek internetu, tiek neprisijung\u0119 prie interneto. Ekran\u0105 galima valdyti per LAN arba RS-232, tod\u0117l naudotojai gali nustatyti pagrindines planavimo funkcijas i\u0161 bet kurios vietos. \u0160i &#8222;System-on-Chip&#8221; technologija taip pat palaiko API, tod\u0117l naudotojai gali kurti savo programas.<\/p><p>\u00a0<\/p><p>\u00a0<\/p><p><strong>OPS suderinamumas<\/strong><\/p><p>\u00a0<\/p><p>\u00a0<\/p><p>D\u0117l OPS suderinamumo su &#8222;Windows&#8221; ir &#8222;Android&#8221; kompiuteri\u0173 moduliais visi trys PDX ekranai gali b\u016bti kei\u010diamo dyd\u017eio ir ateities sprendimas, suderinamas su dauguma programini\u0173\u00a0\u012frang\u0173.<\/p><p>\u00a0<\/p><p>\u00a0<\/p><p><strong>IR jutiklinis valdymas<\/strong><\/p><p>\u00a0<\/p><p>\u00a0<\/p><p>Si\u016blant interaktyvaus i\u0161kab\u0173 sprendimo galimyb\u0119, 1000 Nit ekranas taip pat turi infraraudon\u0173j\u0173 spinduli\u0173 jutiklinio ekrano u\u017edengimo galimyb\u0119, tod\u0117l idealiai tinka naudoti su tokiomis funkcijomis, kaip NFC \u017eymos POS programoms.<\/p><p>\u00a0<\/p><p><strong>Skaitmenin\u0117 rinkodara be r\u016bpes\u010di\u0173<\/strong><\/p><p>\u00a0<\/p><p>\u00a0<\/p><p>Naudojant tokias funkcijas, kaip USB automatinio paleidimo funkcija ir saugus USB lizdas, ekranai sukurti taip, kad bet koks \u012fkeltas USB turinys visada b\u016bt\u0173 rodomas akimirksniu ir veikt\u0173 be trukd\u017ei\u0173. J\u0173 pikseli\u0173 poslinkio technologija dar labiau padidina j\u0173 patikimum\u0105, pad\u0117dama suma\u017einti likutinio vaizdo rizik\u0105.<\/p><p>\u00a0<\/p><p>\u00a0<\/p><p>&#8222;Vestel&#8221; B2B skyriaus Jungtin\u0117je Karalyst\u0117je\u00a0vadovas Markas Dew komentuoja: &#8222;M\u016bs\u0173 PDX serija, kuri savo ry\u0161kumu prilygsta kai kurioms lauko i\u0161kaboms, skirta atverti rink\u0105 platesniam vartotoj\u0173 ratui. D\u0117l atvir\u0173, stiklini\u0173 foj\u0117 tendencijos didelis ry\u0161kumas tampa vis aktualesnis. Jie ne tik u\u017etikrina \u012fskaitomum\u0105 beveik bet kokiomis ap\u0161vietimo s\u0105lygomis, bet ir padeda sukurti norim\u0105 atmosfer\u0105, tod\u0117l preki\u0173 \u017eenklais pa\u017eym\u0117ti objektai gali b\u016bti pritaikomi \u012fvairesn\u0117se srityse.&#8221;<\/p>\t\t\t\t\t\t<\/div>\n\t\t\t\t<\/div>\n\t\t\t\t\t<\/div>\n\t\t<\/div>\n\t\t\t\t\t<\/div>\n\t\t<\/section>\n\t\t\t\t<\/div>\n\t\t","protected":false},"excerpt":{"rendered":"<p>&#8222;Vestel&#8221; pristato &#8222;Extra Bright PDX&#8221; skaitmenin\u0119 i\u0161kab\u0105 pagrindinei rinkai &#8222;Vestel&#8221;, \u017ead\u0117dama didesn\u012f matomum\u0105 kiekvienoje patalp\u0173 aplinkoje, ketina \u012fveikti i\u0161\u0161\u016bkius, susijusius su ap\u0161vietimu vietoje, pristatydama &#8222;Extra Bright PDX Digital Signage&#8221;. 55-75 coli\u0173 serija, skirta \u012fvairesn\u0117ms vertikalioms sritims, leid\u017eia \u012fmoni\u0173 savininkams optimizuoti bet kokio ekrane rodomo turinio matomum\u0105: 55 ir 75 coli\u0173 &#8222;Full HD&#8221; ekranai, pasi\u017eymintys \u012fsp\u016bdingu [&hellip;]<\/p>\n","protected":false},"author":2,"featured_media":0,"parent":0,"menu_order":0,"comment_status":"closed","ping_status":"closed","template":"template-home.php","meta":{"footnotes":""},"_links":{"self":[{"href":"https:\/\/ledsiena.lt\/index.php\/wp-json\/wp\/v2\/pages\/11442"}],"collection":[{"href":"https:\/\/ledsiena.lt\/index.php\/wp-json\/wp\/v2\/pages"}],"about":[{"href":"https:\/\/ledsiena.lt\/index.php\/wp-json\/wp\/v2\/types\/page"}],"author":[{"embeddable":true,"href":"https:\/\/ledsiena.lt\/index.php\/wp-json\/wp\/v2\/users\/2"}],"replies":[{"embeddable":true,"href":"https:\/\/ledsiena.lt\/index.php\/wp-json\/wp\/v2\/comments?post=11442"}],"version-history":[{"count":13,"href":"https:\/\/ledsiena.lt\/index.php\/wp-json\/wp\/v2\/pages\/11442\/revisions"}],"predecessor-version":[{"id":13425,"href":"https:\/\/ledsiena.lt\/index.php\/wp-json\/wp\/v2\/pages\/11442\/revisions\/13425"}],"wp:attachment":[{"href":"https:\/\/ledsiena.lt\/index.php\/wp-json\/wp\/v2\/media?parent=11442"}],"curies":[{"name":"wp","href":"https:\/\/api.w.org\/{rel}","templated":true}]}}